{"id":9896,"date":"2026-01-19T17:30:11","date_gmt":"2026-01-19T22:30:11","guid":{"rendered":"https:\/\/elbauldelupe.com\/?post_type=product&#038;p=9896"},"modified":"2026-01-20T17:08:22","modified_gmt":"2026-01-20T22:08:22","slug":"set-one","status":"publish","type":"product","link":"https:\/\/elbauldelupe.com\/?product=set-one","title":{"rendered":"SET ONE"},"content":{"rendered":"","protected":false},"excerpt":{"rendered":"<p>Encantador set elaborado en pana color rosa empolvado, perfecto para celebrar el primer a\u00f1o de tu beb\u00e9<\/p>\n","protected":false},"featured_media":9894,"comment_status":"open","ping_status":"closed","template":"","meta":{"site-sidebar-layout":"default","site-content-layout":"","ast-site-content-layout":"default","site-content-style":"default","site-sidebar-style":"default","ast-global-header-display":"","ast-banner-title-visibility":"","ast-main-header-display":"","ast-hfb-above-header-display":"","ast-hfb-below-header-display":"","ast-hfb-mobile-header-display":"","site-post-title":"","ast-breadcrumbs-content":"","ast-featured-img":"","footer-sml-layout":"","ast-disable-related-posts":"","theme-transparent-header-meta":"","adv-header-id-meta":"","stick-header-meta":"","header-above-stick-meta":"","header-main-stick-meta":"","header-below-stick-meta":"","astra-migrate-meta-layouts":"default","ast-page-background-enabled":"default","ast-page-background-meta":{"desktop":{"background-color":"var(--ast-global-color-4)","background-image":"","background-repeat":"repeat","background-position":"center center","background-size":"auto","background-attachment":"scroll","background-type":"","background-media":"","overlay-type":"","overlay-color":"","overlay-opacity":"","overlay-gradient":""},"tablet":{"background-color":"","background-image":"","background-repeat":"repeat","background-position":"center center","background-size":"auto","background-attachment":"scroll","background-type":"","background-media":"","overlay-type":"","overlay-color":"","overlay-opacity":"","overlay-gradient":""},"mobile":{"background-color":"","background-image":"","background-repeat":"repeat","background-position":"center center","background-size":"auto","background-attachment":"scroll","background-type":"","background-media":"","overlay-type":"","overlay-color":"","overlay-opacity":"","overlay-gradient":""}},"ast-content-background-meta":{"desktop":{"background-color":"var(--ast-global-color-5)","background-image":"","background-repeat":"repeat","background-position":"center center","background-size":"auto","background-attachment":"scroll","background-type":"","background-media":"","overlay-type":"","overlay-color":"","overlay-opacity":"","overlay-gradient":""},"tablet":{"background-color":"var(--ast-global-color-5)","background-image":"","background-repeat":"repeat","background-position":"center center","background-size":"auto","background-attachment":"scroll","background-type":"","background-media":"","overlay-type":"","overlay-color":"","overlay-opacity":"","overlay-gradient":""},"mobile":{"background-color":"var(--ast-global-color-5)","background-image":"","background-repeat":"repeat","background-position":"center center","background-size":"auto","background-attachment":"scroll","background-type":"","background-media":"","overlay-type":"","overlay-color":"","overlay-opacity":"","overlay-gradient":""}}},"product_brand":[],"product_cat":[15,46,44,43,57,62],"product_tag":[],"class_list":{"0":"post-9896","1":"product","2":"type-product","3":"status-publish","4":"has-post-thumbnail","6":"product_cat-uncategorized","7":"product_cat-mamelucos","8":"product_cat-bebe-nina","9":"product_cat-nueva-coleccion","10":"product_cat-sets","11":"product_cat-todos-los-articulos","12":"pa_tallas-12-18-meses","13":"pa_tallas-18-24-meses","14":"desktop-align-left","15":"tablet-align-left","16":"mobile-align-left","18":"first","19":"instock","20":"taxable","21":"shipping-taxable","22":"purchasable","23":"product-type-variable"},"jetpack-related-posts":[{"id":752,"url":"https:\/\/elbauldelupe.com\/?product=set-marfil","url_meta":{"origin":9896,"position":0},"title":"SET  MARFIL","author":"admin","date":"08\/09\/2023","format":false,"excerpt":"El Set Marfil elaborado en algod\u00f3n es perfecto para cualquier evento especial o simplemente para el d\u00eda a d\u00eda. El conjunto incluye todo lo que necesitas para vestir a tu beb\u00e9 con elegancia y comodidad, incluyendo un gorro espa\u00f1ol a juego que a\u00f1ade un toque de encanto y autenticidad.","rel":"","context":"Entrada similar","block_context":{"text":"Entrada similar","link":""},"img":{"alt_text":"","src":"https:\/\/i0.wp.com\/elbauldelupe.com\/wp-content\/uploads\/2023\/09\/SET-3-3.jpg?fit=800%2C800&ssl=1&resize=350%2C200","width":350,"height":200,"srcset":"https:\/\/i0.wp.com\/elbauldelupe.com\/wp-content\/uploads\/2023\/09\/SET-3-3.jpg?fit=800%2C800&ssl=1&resize=350%2C200 1x, https:\/\/i0.wp.com\/elbauldelupe.com\/wp-content\/uploads\/2023\/09\/SET-3-3.jpg?fit=800%2C800&ssl=1&resize=525%2C300 1.5x, https:\/\/i0.wp.com\/elbauldelupe.com\/wp-content\/uploads\/2023\/09\/SET-3-3.jpg?fit=800%2C800&ssl=1&resize=700%2C400 2x"},"classes":[]},{"id":3544,"url":"https:\/\/elbauldelupe.com\/?product=set-saphire","url_meta":{"origin":9896,"position":1},"title":"SET SAPHIRE","author":"admin","date":"02\/01\/2024","format":false,"excerpt":"Elaborado en algod\u00f3n es perfecto para cualquier evento especial o simplemente para el d\u00eda a d\u00eda. El conjunto incluye todo lo que necesitas para vestir a tu beb\u00e9 con elegancia y comodidad, incluyendo un gorro espa\u00f1ol a juego que a\u00f1ade un toque de encanto y autenticidad.","rel":"","context":"Entrada similar","block_context":{"text":"Entrada similar","link":""},"img":{"alt_text":"","src":"https:\/\/i0.wp.com\/elbauldelupe.com\/wp-content\/uploads\/2023\/12\/Imagen-de-WhatsApp-2023-12-12-a-las-20.43.48_cd6ea7c8.jpg?fit=800%2C800&ssl=1&resize=350%2C200","width":350,"height":200,"srcset":"https:\/\/i0.wp.com\/elbauldelupe.com\/wp-content\/uploads\/2023\/12\/Imagen-de-WhatsApp-2023-12-12-a-las-20.43.48_cd6ea7c8.jpg?fit=800%2C800&ssl=1&resize=350%2C200 1x, https:\/\/i0.wp.com\/elbauldelupe.com\/wp-content\/uploads\/2023\/12\/Imagen-de-WhatsApp-2023-12-12-a-las-20.43.48_cd6ea7c8.jpg?fit=800%2C800&ssl=1&resize=525%2C300 1.5x, https:\/\/i0.wp.com\/elbauldelupe.com\/wp-content\/uploads\/2023\/12\/Imagen-de-WhatsApp-2023-12-12-a-las-20.43.48_cd6ea7c8.jpg?fit=800%2C800&ssl=1&resize=700%2C400 2x"},"classes":[]},{"id":5783,"url":"https:\/\/elbauldelupe.com\/?product=set-de-diademas-x-5-ref-1","url_meta":{"origin":9896,"position":2},"title":"SET DE DIADEMAS LUNA  X 5","author":"admin","date":"11\/06\/2024","format":false,"excerpt":"Set de diademas x unidades perfectas para combinar los outfis de tu beb\u00e9, amar\u00e1s su calidad ya que est\u00e1n elaboradas en material suave y flexible d\u00f3nde tu beb\u00e9 estar\u00e1 c\u00f3moda y hermosa","rel":"","context":"Entrada similar","block_context":{"text":"Entrada similar","link":""},"img":{"alt_text":"","src":"https:\/\/i0.wp.com\/elbauldelupe.com\/wp-content\/uploads\/2024\/06\/img_7645.jpeg?fit=1200%2C1145&ssl=1&resize=350%2C200","width":350,"height":200,"srcset":"https:\/\/i0.wp.com\/elbauldelupe.com\/wp-content\/uploads\/2024\/06\/img_7645.jpeg?fit=1200%2C1145&ssl=1&resize=350%2C200 1x, https:\/\/i0.wp.com\/elbauldelupe.com\/wp-content\/uploads\/2024\/06\/img_7645.jpeg?fit=1200%2C1145&ssl=1&resize=525%2C300 1.5x, https:\/\/i0.wp.com\/elbauldelupe.com\/wp-content\/uploads\/2024\/06\/img_7645.jpeg?fit=1200%2C1145&ssl=1&resize=700%2C400 2x, https:\/\/i0.wp.com\/elbauldelupe.com\/wp-content\/uploads\/2024\/06\/img_7645.jpeg?fit=1200%2C1145&ssl=1&resize=1050%2C600 3x"},"classes":[]},{"id":5787,"url":"https:\/\/elbauldelupe.com\/?product=set-de-diademas-x-5-ref-3","url_meta":{"origin":9896,"position":3},"title":"SET DE DIADEMAS ISABELLA X 5","author":"admin","date":"11\/06\/2024","format":false,"excerpt":"Set de diademas x unidades perfectas para combinar los outfis de tu beb\u00e9 amar\u00e1s su calidad elaboradas en un material suave y flexible d\u00f3nde tu beb\u00e9 va estar c\u00f3moda y hermosa","rel":"","context":"Entrada similar","block_context":{"text":"Entrada similar","link":""},"img":{"alt_text":"","src":"https:\/\/i0.wp.com\/elbauldelupe.com\/wp-content\/uploads\/2024\/06\/img_7649.jpeg?fit=1200%2C1143&ssl=1&resize=350%2C200","width":350,"height":200,"srcset":"https:\/\/i0.wp.com\/elbauldelupe.com\/wp-content\/uploads\/2024\/06\/img_7649.jpeg?fit=1200%2C1143&ssl=1&resize=350%2C200 1x, https:\/\/i0.wp.com\/elbauldelupe.com\/wp-content\/uploads\/2024\/06\/img_7649.jpeg?fit=1200%2C1143&ssl=1&resize=525%2C300 1.5x, https:\/\/i0.wp.com\/elbauldelupe.com\/wp-content\/uploads\/2024\/06\/img_7649.jpeg?fit=1200%2C1143&ssl=1&resize=700%2C400 2x, https:\/\/i0.wp.com\/elbauldelupe.com\/wp-content\/uploads\/2024\/06\/img_7649.jpeg?fit=1200%2C1143&ssl=1&resize=1050%2C600 3x"},"classes":[]},{"id":5789,"url":"https:\/\/elbauldelupe.com\/?product=set-de-diademas-x-5-ref-4","url_meta":{"origin":9896,"position":4},"title":"SET DE DIADEMAS VIOLETA X 5","author":"admin","date":"11\/06\/2024","format":false,"excerpt":"Set de diademas por 5 unidades perfectas para combinar los outfis de tu beb\u00e9, amar\u00e1s su calidad elaboradas en un material suave y flexible d\u00f3nde tu beb\u00e9 estar\u00e1 c\u00f3moda y hermosa","rel":"","context":"Entrada similar","block_context":{"text":"Entrada similar","link":""},"img":{"alt_text":"","src":"https:\/\/i0.wp.com\/elbauldelupe.com\/wp-content\/uploads\/2024\/06\/img_9222.jpeg?fit=1200%2C1145&ssl=1&resize=350%2C200","width":350,"height":200,"srcset":"https:\/\/i0.wp.com\/elbauldelupe.com\/wp-content\/uploads\/2024\/06\/img_9222.jpeg?fit=1200%2C1145&ssl=1&resize=350%2C200 1x, https:\/\/i0.wp.com\/elbauldelupe.com\/wp-content\/uploads\/2024\/06\/img_9222.jpeg?fit=1200%2C1145&ssl=1&resize=525%2C300 1.5x, https:\/\/i0.wp.com\/elbauldelupe.com\/wp-content\/uploads\/2024\/06\/img_9222.jpeg?fit=1200%2C1145&ssl=1&resize=700%2C400 2x, https:\/\/i0.wp.com\/elbauldelupe.com\/wp-content\/uploads\/2024\/06\/img_9222.jpeg?fit=1200%2C1145&ssl=1&resize=1050%2C600 3x"},"classes":[]},{"id":5785,"url":"https:\/\/elbauldelupe.com\/?product=set-de-diademas-x-5-ref-2","url_meta":{"origin":9896,"position":5},"title":"SET DE DIADEMAS  AURORA X 5","author":"admin","date":"11\/06\/2024","format":false,"excerpt":"Set de diademas x unidades perfectas para combinar los outfits de tu beb\u00e9, amar\u00e1s su calidad ya que est\u00e1n elaboradas en un material suave y flexible d\u00f3nde tu beb\u00e9 estar\u00e1 c\u00f3moda y hermosa","rel":"","context":"Entrada similar","block_context":{"text":"Entrada similar","link":""},"img":{"alt_text":"","src":"https:\/\/i0.wp.com\/elbauldelupe.com\/wp-content\/uploads\/2024\/06\/img_7648.jpeg?fit=1200%2C1162&ssl=1&resize=350%2C200","width":350,"height":200,"srcset":"https:\/\/i0.wp.com\/elbauldelupe.com\/wp-content\/uploads\/2024\/06\/img_7648.jpeg?fit=1200%2C1162&ssl=1&resize=350%2C200 1x, https:\/\/i0.wp.com\/elbauldelupe.com\/wp-content\/uploads\/2024\/06\/img_7648.jpeg?fit=1200%2C1162&ssl=1&resize=525%2C300 1.5x, https:\/\/i0.wp.com\/elbauldelupe.com\/wp-content\/uploads\/2024\/06\/img_7648.jpeg?fit=1200%2C1162&ssl=1&resize=700%2C400 2x, https:\/\/i0.wp.com\/elbauldelupe.com\/wp-content\/uploads\/2024\/06\/img_7648.jpeg?fit=1200%2C1162&ssl=1&resize=1050%2C600 3x"},"classes":[]}],"_links":{"self":[{"href":"https:\/\/elbauldelupe.com\/index.php?rest_route=\/wp\/v2\/product\/9896","targetHints":{"allow":["GET"]}}],"collection":[{"href":"https:\/\/elbauldelupe.com\/index.php?rest_route=\/wp\/v2\/product"}],"about":[{"href":"https:\/\/elbauldelupe.com\/index.php?rest_route=\/wp\/v2\/types\/product"}],"replies":[{"embeddable":true,"href":"https:\/\/elbauldelupe.com\/index.php?rest_route=%2Fwp%2Fv2%2Fcomments&post=9896"}],"wp:featuredmedia":[{"embeddable":true,"href":"https:\/\/elbauldelupe.com\/index.php?rest_route=\/wp\/v2\/media\/9894"}],"wp:attachment":[{"href":"https:\/\/elbauldelupe.com\/index.php?rest_route=%2Fwp%2Fv2%2Fmedia&parent=9896"}],"wp:term":[{"taxonomy":"product_brand","embeddable":true,"href":"https:\/\/elbauldelupe.com\/index.php?rest_route=%2Fwp%2Fv2%2Fproduct_brand&post=9896"},{"taxonomy":"product_cat","embeddable":true,"href":"https:\/\/elbauldelupe.com\/index.php?rest_route=%2Fwp%2Fv2%2Fproduct_cat&post=9896"},{"taxonomy":"product_tag","embeddable":true,"href":"https:\/\/elbauldelupe.com\/index.php?rest_route=%2Fwp%2Fv2%2Fproduct_tag&post=9896"}],"curies":[{"name":"wp","href":"https:\/\/api.w.org\/{rel}","templated":true}]}}