{"id":9862,"date":"2026-01-19T17:00:06","date_gmt":"2026-01-19T22:00:06","guid":{"rendered":"https:\/\/elbauldelupe.com\/?post_type=product&#038;p=9862"},"modified":"2026-01-27T13:08:31","modified_gmt":"2026-01-27T18:08:31","slug":"mameluco-mini-lover","status":"publish","type":"product","link":"https:\/\/elbauldelupe.com\/?product=mameluco-mini-lover","title":{"rendered":"MAMELUCO MINI LOVER"},"content":{"rendered":"","protected":false},"excerpt":{"rendered":"<p>Su dise\u00f1o de corazones en tonos neutros lo convierte en un set atemporal y vers\u00e1til, ideal para el d\u00eda a d\u00eda o para ocasiones especiales. Incluye una balaca con lazo, pensada para complementar el outfit sin incomodar a tu beb\u00e9.<\/p>\n","protected":false},"featured_media":9963,"comment_status":"open","ping_status":"closed","template":"","meta":{"site-sidebar-layout":"default","site-content-layout":"","ast-site-content-layout":"default","site-content-style":"default","site-sidebar-style":"default","ast-global-header-display":"","ast-banner-title-visibility":"","ast-main-header-display":"","ast-hfb-above-header-display":"","ast-hfb-below-header-display":"","ast-hfb-mobile-header-display":"","site-post-title":"","ast-breadcrumbs-content":"","ast-featured-img":"","footer-sml-layout":"","ast-disable-related-posts":"","theme-transparent-header-meta":"","adv-header-id-meta":"","stick-header-meta":"","header-above-stick-meta":"","header-main-stick-meta":"","header-below-stick-meta":"","astra-migrate-meta-layouts":"default","ast-page-background-enabled":"default","ast-page-background-meta":{"desktop":{"background-color":"var(--ast-global-color-4)","background-image":"","background-repeat":"repeat","background-position":"center center","background-size":"auto","background-attachment":"scroll","background-type":"","background-media":"","overlay-type":"","overlay-color":"","overlay-opacity":"","overlay-gradient":""},"tablet":{"background-color":"","background-image":"","background-repeat":"repeat","background-position":"center center","background-size":"auto","background-attachment":"scroll","background-type":"","background-media":"","overlay-type":"","overlay-color":"","overlay-opacity":"","overlay-gradient":""},"mobile":{"background-color":"","background-image":"","background-repeat":"repeat","background-position":"center center","background-size":"auto","background-attachment":"scroll","background-type":"","background-media":"","overlay-type":"","overlay-color":"","overlay-opacity":"","overlay-gradient":""}},"ast-content-background-meta":{"desktop":{"background-color":"var(--ast-global-color-5)","background-image":"","background-repeat":"repeat","background-position":"center center","background-size":"auto","background-attachment":"scroll","background-type":"","background-media":"","overlay-type":"","overlay-color":"","overlay-opacity":"","overlay-gradient":""},"tablet":{"background-color":"var(--ast-global-color-5)","background-image":"","background-repeat":"repeat","background-position":"center center","background-size":"auto","background-attachment":"scroll","background-type":"","background-media":"","overlay-type":"","overlay-color":"","overlay-opacity":"","overlay-gradient":""},"mobile":{"background-color":"var(--ast-global-color-5)","background-image":"","background-repeat":"repeat","background-position":"center center","background-size":"auto","background-attachment":"scroll","background-type":"","background-media":"","overlay-type":"","overlay-color":"","overlay-opacity":"","overlay-gradient":""}}},"product_brand":[],"product_cat":[15,46,44,43,139,57,62],"product_tag":[],"class_list":{"0":"post-9862","1":"product","2":"type-product","3":"status-publish","4":"has-post-thumbnail","6":"product_cat-uncategorized","7":"product_cat-mamelucos","8":"product_cat-bebe-nina","9":"product_cat-nueva-coleccion","10":"product_cat-san-valentin","11":"product_cat-sets","12":"product_cat-todos-los-articulos","13":"pa_tallas-12-18-meses","14":"pa_tallas-3-6-meses","15":"pa_tallas-6-9-meses","16":"pa_tallas-9-12-meses","17":"desktop-align-left","18":"tablet-align-left","19":"mobile-align-left","21":"first","22":"instock","23":"taxable","24":"shipping-taxable","25":"purchasable","26":"product-type-variable"},"jetpack-related-posts":[{"id":3544,"url":"https:\/\/elbauldelupe.com\/?product=set-saphire","url_meta":{"origin":9862,"position":0},"title":"SET SAPHIRE","author":"admin","date":"02\/01\/2024","format":false,"excerpt":"Elaborado en algod\u00f3n es perfecto para cualquier evento especial o simplemente para el d\u00eda a d\u00eda. El conjunto incluye todo lo que necesitas para vestir a tu beb\u00e9 con elegancia y comodidad, incluyendo un gorro espa\u00f1ol a juego que a\u00f1ade un toque de encanto y autenticidad.","rel":"","context":"Entrada similar","block_context":{"text":"Entrada similar","link":""},"img":{"alt_text":"","src":"https:\/\/i0.wp.com\/elbauldelupe.com\/wp-content\/uploads\/2023\/12\/Imagen-de-WhatsApp-2023-12-12-a-las-20.43.48_cd6ea7c8.jpg?fit=800%2C800&ssl=1&resize=350%2C200","width":350,"height":200,"srcset":"https:\/\/i0.wp.com\/elbauldelupe.com\/wp-content\/uploads\/2023\/12\/Imagen-de-WhatsApp-2023-12-12-a-las-20.43.48_cd6ea7c8.jpg?fit=800%2C800&ssl=1&resize=350%2C200 1x, https:\/\/i0.wp.com\/elbauldelupe.com\/wp-content\/uploads\/2023\/12\/Imagen-de-WhatsApp-2023-12-12-a-las-20.43.48_cd6ea7c8.jpg?fit=800%2C800&ssl=1&resize=525%2C300 1.5x, https:\/\/i0.wp.com\/elbauldelupe.com\/wp-content\/uploads\/2023\/12\/Imagen-de-WhatsApp-2023-12-12-a-las-20.43.48_cd6ea7c8.jpg?fit=800%2C800&ssl=1&resize=700%2C400 2x"},"classes":[]},{"id":9937,"url":"https:\/\/elbauldelupe.com\/?product=medias-tejidas-lazo","url_meta":{"origin":9862,"position":1},"title":"MEDIAS TEJIDAS LAZO","author":"admin","date":"19\/01\/2026","format":false,"excerpt":"A\u00f1ade un toque elegante y cl\u00e1sico al outfit de tu beb\u00e9 con estos calcetines altos calados. Su dise\u00f1o transpirable y delicado los hace ideales para bautizos, fiestas o el d\u00eda a d\u00eda. \u2022 Colores disponibles: Rosa, Beige y Blanco.","rel":"","context":"Entrada similar","block_context":{"text":"Entrada similar","link":""},"img":{"alt_text":"","src":"https:\/\/i0.wp.com\/elbauldelupe.com\/wp-content\/uploads\/2026\/01\/photoroom_20260220_153852.jpeg?fit=922%2C1200&ssl=1&resize=350%2C200","width":350,"height":200,"srcset":"https:\/\/i0.wp.com\/elbauldelupe.com\/wp-content\/uploads\/2026\/01\/photoroom_20260220_153852.jpeg?fit=922%2C1200&ssl=1&resize=350%2C200 1x, https:\/\/i0.wp.com\/elbauldelupe.com\/wp-content\/uploads\/2026\/01\/photoroom_20260220_153852.jpeg?fit=922%2C1200&ssl=1&resize=525%2C300 1.5x, https:\/\/i0.wp.com\/elbauldelupe.com\/wp-content\/uploads\/2026\/01\/photoroom_20260220_153852.jpeg?fit=922%2C1200&ssl=1&resize=700%2C400 2x"},"classes":[]},{"id":9903,"url":"https:\/\/elbauldelupe.com\/?product=set-valentino","url_meta":{"origin":9862,"position":2},"title":"SET VALENTINO","author":"admin","date":"19\/01\/2026","format":false,"excerpt":"Mameluco de dise\u00f1o cl\u00e1sico y delicado, elaborado en algod\u00f3n suave, ideal para la piel sensible de tu beb\u00e9. Su combinaci\u00f3n en tonos naturales aporta un estilo atemporal, perfecto para ocasiones especiales o para un look elegante en el d\u00eda a d\u00eda.","rel":"","context":"Entrada similar","block_context":{"text":"Entrada similar","link":""},"img":{"alt_text":"","src":"https:\/\/i0.wp.com\/elbauldelupe.com\/wp-content\/uploads\/2026\/01\/img_1011.jpeg?fit=896%2C1152&ssl=1&resize=350%2C200","width":350,"height":200,"srcset":"https:\/\/i0.wp.com\/elbauldelupe.com\/wp-content\/uploads\/2026\/01\/img_1011.jpeg?fit=896%2C1152&ssl=1&resize=350%2C200 1x, https:\/\/i0.wp.com\/elbauldelupe.com\/wp-content\/uploads\/2026\/01\/img_1011.jpeg?fit=896%2C1152&ssl=1&resize=525%2C300 1.5x, https:\/\/i0.wp.com\/elbauldelupe.com\/wp-content\/uploads\/2026\/01\/img_1011.jpeg?fit=896%2C1152&ssl=1&resize=700%2C400 2x"},"classes":[]},{"id":752,"url":"https:\/\/elbauldelupe.com\/?product=set-marfil","url_meta":{"origin":9862,"position":3},"title":"SET  MARFIL","author":"admin","date":"08\/09\/2023","format":false,"excerpt":"El Set Marfil elaborado en algod\u00f3n es perfecto para cualquier evento especial o simplemente para el d\u00eda a d\u00eda. El conjunto incluye todo lo que necesitas para vestir a tu beb\u00e9 con elegancia y comodidad, incluyendo un gorro espa\u00f1ol a juego que a\u00f1ade un toque de encanto y autenticidad.","rel":"","context":"Entrada similar","block_context":{"text":"Entrada similar","link":""},"img":{"alt_text":"","src":"https:\/\/i0.wp.com\/elbauldelupe.com\/wp-content\/uploads\/2023\/09\/SET-3-3.jpg?fit=800%2C800&ssl=1&resize=350%2C200","width":350,"height":200,"srcset":"https:\/\/i0.wp.com\/elbauldelupe.com\/wp-content\/uploads\/2023\/09\/SET-3-3.jpg?fit=800%2C800&ssl=1&resize=350%2C200 1x, https:\/\/i0.wp.com\/elbauldelupe.com\/wp-content\/uploads\/2023\/09\/SET-3-3.jpg?fit=800%2C800&ssl=1&resize=525%2C300 1.5x, https:\/\/i0.wp.com\/elbauldelupe.com\/wp-content\/uploads\/2023\/09\/SET-3-3.jpg?fit=800%2C800&ssl=1&resize=700%2C400 2x"},"classes":[]},{"id":9911,"url":"https:\/\/elbauldelupe.com\/?product=medias-cielo","url_meta":{"origin":9862,"position":4},"title":"MEDIAS CIELO","author":"admin","date":"19\/01\/2026","format":false,"excerpt":"Medias tejidas elaboradas en algod\u00f3n suave, con tejido calado y un hermoso detalle en encaje con lazo y perla que aporta un toque rom\u00e1ntico y elegante. Dise\u00f1adas para brindar comodidad sin apretar, son ideales para completar outfits especiales o looks cl\u00e1sicos del d\u00eda a d\u00eda.","rel":"","context":"Entrada similar","block_context":{"text":"Entrada similar","link":""},"img":{"alt_text":"","src":"https:\/\/i0.wp.com\/elbauldelupe.com\/wp-content\/uploads\/2026\/01\/photoroom_20260220_131801.jpeg?fit=1080%2C1080&ssl=1&resize=350%2C200","width":350,"height":200,"srcset":"https:\/\/i0.wp.com\/elbauldelupe.com\/wp-content\/uploads\/2026\/01\/photoroom_20260220_131801.jpeg?fit=1080%2C1080&ssl=1&resize=350%2C200 1x, https:\/\/i0.wp.com\/elbauldelupe.com\/wp-content\/uploads\/2026\/01\/photoroom_20260220_131801.jpeg?fit=1080%2C1080&ssl=1&resize=525%2C300 1.5x, https:\/\/i0.wp.com\/elbauldelupe.com\/wp-content\/uploads\/2026\/01\/photoroom_20260220_131801.jpeg?fit=1080%2C1080&ssl=1&resize=700%2C400 2x, https:\/\/i0.wp.com\/elbauldelupe.com\/wp-content\/uploads\/2026\/01\/photoroom_20260220_131801.jpeg?fit=1080%2C1080&ssl=1&resize=1050%2C600 3x"},"classes":[]},{"id":10234,"url":"https:\/\/elbauldelupe.com\/?product=set-carlotha","url_meta":{"origin":9862,"position":5},"title":"SET CARLOTHA","author":"admin","date":"20\/01\/2026","format":false,"excerpt":"Conjunto para beb\u00e9 compuesto por blusa sin mangas y faldita con delicados volantes, elaborado en algod\u00f3n suave, ideal para cuidar la piel sensible de tu beb\u00e9. Su dise\u00f1o en tono crema aporta un aire rom\u00e1ntico y atemporal, perfecto para ocasiones especiales o para un look dulce y c\u00f3modo en el\u2026","rel":"","context":"Entrada similar","block_context":{"text":"Entrada similar","link":""},"img":{"alt_text":"","src":"https:\/\/i0.wp.com\/elbauldelupe.com\/wp-content\/uploads\/2026\/01\/img_1017.jpeg?fit=1056%2C992&ssl=1&resize=350%2C200","width":350,"height":200,"srcset":"https:\/\/i0.wp.com\/elbauldelupe.com\/wp-content\/uploads\/2026\/01\/img_1017.jpeg?fit=1056%2C992&ssl=1&resize=350%2C200 1x, https:\/\/i0.wp.com\/elbauldelupe.com\/wp-content\/uploads\/2026\/01\/img_1017.jpeg?fit=1056%2C992&ssl=1&resize=525%2C300 1.5x, https:\/\/i0.wp.com\/elbauldelupe.com\/wp-content\/uploads\/2026\/01\/img_1017.jpeg?fit=1056%2C992&ssl=1&resize=700%2C400 2x, https:\/\/i0.wp.com\/elbauldelupe.com\/wp-content\/uploads\/2026\/01\/img_1017.jpeg?fit=1056%2C992&ssl=1&resize=1050%2C600 3x"},"classes":[]}],"_links":{"self":[{"href":"https:\/\/elbauldelupe.com\/index.php?rest_route=\/wp\/v2\/product\/9862","targetHints":{"allow":["GET"]}}],"collection":[{"href":"https:\/\/elbauldelupe.com\/index.php?rest_route=\/wp\/v2\/product"}],"about":[{"href":"https:\/\/elbauldelupe.com\/index.php?rest_route=\/wp\/v2\/types\/product"}],"replies":[{"embeddable":true,"href":"https:\/\/elbauldelupe.com\/index.php?rest_route=%2Fwp%2Fv2%2Fcomments&post=9862"}],"wp:featuredmedia":[{"embeddable":true,"href":"https:\/\/elbauldelupe.com\/index.php?rest_route=\/wp\/v2\/media\/9963"}],"wp:attachment":[{"href":"https:\/\/elbauldelupe.com\/index.php?rest_route=%2Fwp%2Fv2%2Fmedia&parent=9862"}],"wp:term":[{"taxonomy":"product_brand","embeddable":true,"href":"https:\/\/elbauldelupe.com\/index.php?rest_route=%2Fwp%2Fv2%2Fproduct_brand&post=9862"},{"taxonomy":"product_cat","embeddable":true,"href":"https:\/\/elbauldelupe.com\/index.php?rest_route=%2Fwp%2Fv2%2Fproduct_cat&post=9862"},{"taxonomy":"product_tag","embeddable":true,"href":"https:\/\/elbauldelupe.com\/index.php?rest_route=%2Fwp%2Fv2%2Fproduct_tag&post=9862"}],"curies":[{"name":"wp","href":"https:\/\/api.w.org\/{rel}","templated":true}]}}